{"id":1032,"date":"2021-11-08T14:49:09","date_gmt":"2021-11-08T17:49:09","guid":{"rendered":"http:\/\/fetems2022.fetems.org.br\/?page_id=1032"},"modified":"2022-01-25T15:54:13","modified_gmt":"2022-01-25T18:54:13","slug":"galeria-de-imagens","status":"publish","type":"page","link":"https:\/\/fetems.org.br\/fetems\/galeria-de-imagens\/","title":{"rendered":"Galeria de Imagens"},"content":{"rendered":"\n<div class=\"wp-block-pgcsimplygalleryblock-albums simpLy-gallery-freedom-block sgb-album\" data-gallery-id=\"simpLy\"><div class=\"sgb-gallery\"><div class=\"sgb-item sgb-wp-button\" data-item-id=\"2003\"><figure><a href=\"https:\/\/fetems.org.br\/fetems\/?pgc_simply_gallery=sarau-dos-aposentados-noite-da-poesia\"><img decoding=\"async\" src=\"https:\/\/fetems.org.br\/fetems\/wp-content\/uploads\/2021\/12\/IMG_3189-1-1024x768.jpg\" alt=\"Sarau dos Aposentados - Noite da Poesia\" data-id=\"2003\" data-link=\"https:\/\/fetems.org.br\/fetems\/?pgc_simply_gallery=sarau-dos-aposentados-noite-da-poesia\" class=\"wp-image-2003\" title=\"Sarau dos Aposentados - Noite da Poesia\"\/><\/a><\/figure><\/div><div class=\"sgb-item sgb-wp-button\" data-item-id=\"1270\"><figure><a href=\"https:\/\/fetems.org.br\/fetems\/?pgc_simply_gallery=simted-de-ponta-pora-formacao-sindical\"><img decoding=\"async\" src=\"https:\/\/fetems.org.br\/fetems\/wp-content\/uploads\/2021\/12\/a4c29bea-9157-4a81-b29f-5a6eabcc0d71.jpg\" alt=\"SIMTED de Ponta Por\u00e3 - Forma\u00e7\u00e3o Sindical\" data-id=\"1270\" data-link=\"https:\/\/fetems.org.br\/fetems\/?pgc_simply_gallery=simted-de-ponta-pora-formacao-sindical\" class=\"wp-image-1270\" title=\"SIMTED de Ponta Por\u00e3 - Forma\u00e7\u00e3o Sindical\"\/><\/a><\/figure><\/div><div class=\"sgb-item sgb-wp-button\" data-item-id=\"1045\"><figure><a href=\"https:\/\/fetems.org.br\/fetems\/?pgc_simply_gallery=fetems-40-anos\"><img decoding=\"async\" src=\"https:\/\/fetems.org.br\/fetems\/wp-content\/uploads\/2021\/10\/Img_3-1.jpeg\" alt=\"FETEMS - 40 ANOS\" data-id=\"1045\" data-link=\"https:\/\/fetems.org.br\/fetems\/?pgc_simply_gallery=fetems-40-anos\" class=\"wp-image-1045\" title=\"FETEMS - 40 ANOS\"\/><\/a><\/figure><\/div><div class=\"sgb-item sgb-wp-button\" data-item-id=\"1043\"><figure><a href=\"https:\/\/fetems.org.br\/fetems\/?pgc_simply_gallery=70-dos-administrativos-param-no-1o-dia-de-greve\"><img decoding=\"async\" src=\"https:\/\/fetems.org.br\/fetems\/wp-content\/uploads\/2021\/10\/Img_1-1-1.jpeg\" alt=\"70% DOS ADMINISTRATIVOS PARAM NO 1\u00ba DIA DE GREVE\" data-id=\"1043\" data-link=\"https:\/\/fetems.org.br\/fetems\/?pgc_simply_gallery=70-dos-administrativos-param-no-1o-dia-de-greve\" class=\"wp-image-1043\" title=\"70% DOS ADMINISTRATIVOS PARAM NO 1\u00ba DIA DE GREVE\"\/><\/a><\/figure><\/div><div class=\"sgb-item sgb-wp-button\" data-item-id=\"1033\"><figure><a href=\"https:\/\/fetems.org.br\/fetems\/?pgc_simply_gallery=mais-de-85-dos-as-trabalhadores-as-administrativo\"><img decoding=\"async\" src=\"https:\/\/fetems.org.br\/fetems\/wp-content\/uploads\/2021\/10\/Img_1-5-1024x576.jpeg\" alt=\"Mais de 85% dos\/as Trabalhadores\/as Administrativos\" data-id=\"1033\" data-link=\"https:\/\/fetems.org.br\/fetems\/?pgc_simply_gallery=mais-de-85-dos-as-trabalhadores-as-administrativo\" class=\"wp-image-1033\" title=\"Mais de 85% dos\/as Trabalhadores\/as Administrativos\"\/><\/a><\/figure><\/div><\/div><\/div>\n\n\n\n<p><\/p>\n","protected":false},"excerpt":{"rendered":"","protected":false},"author":1,"featured_media":0,"parent":0,"menu_order":0,"comment_status":"closed","ping_status":"closed","template":"","meta":{"footnotes":""},"_links":{"self":[{"href":"https:\/\/fetems.org.br\/fetems\/wp-json\/wp\/v2\/pages\/1032"}],"collection":[{"href":"https:\/\/fetems.org.br\/fetems\/wp-json\/wp\/v2\/pages"}],"about":[{"href":"https:\/\/fetems.org.br\/fetems\/wp-json\/wp\/v2\/types\/page"}],"author":[{"embeddable":true,"href":"https:\/\/fetems.org.br\/fetems\/wp-json\/wp\/v2\/users\/1"}],"replies":[{"embeddable":true,"href":"https:\/\/fetems.org.br\/fetems\/wp-json\/wp\/v2\/comments?post=1032"}],"version-history":[{"count":6,"href":"https:\/\/fetems.org.br\/fetems\/wp-json\/wp\/v2\/pages\/1032\/revisions"}],"predecessor-version":[{"id":2294,"href":"https:\/\/fetems.org.br\/fetems\/wp-json\/wp\/v2\/pages\/1032\/revisions\/2294"}],"wp:attachment":[{"href":"https:\/\/fetems.org.br\/fetems\/wp-json\/wp\/v2\/media?parent=1032"}],"curies":[{"name":"wp","href":"https:\/\/api.w.org\/{rel}","templated":true}]}}