{"id":866,"date":"2021-10-26T15:49:22","date_gmt":"2021-10-26T18:49:22","guid":{"rendered":"http:\/\/localhost\/Fetems_News_Site\/?page_id=866"},"modified":"2025-05-13T11:24:54","modified_gmt":"2025-05-13T14:24:54","slug":"legislacoes","status":"publish","type":"page","link":"https:\/\/fetems.org.br\/fetems\/legislacoes\/","title":{"rendered":"Legisla\u00e7\u00f5es"},"content":{"rendered":"\n<div class=\"wp-block-columns is-layout-flex wp-container-core-columns-is-layout-1 wp-block-columns-is-layout-flex\">\n<div class=\"wp-block-column is-layout-flow wp-block-column-is-layout-flow\" style=\"flex-basis:55%\">\n<p class=\"has-medium-font-size\"><strong>LEIS<\/strong><\/p>\n\n\n\n<p><a href=\"https:\/\/fetems.org.br\/fetems\/wp-content\/uploads\/2025\/05\/Lei-Complementar-318-23-1.pdf\">Lei Complementar N\u00ba 318, de 20 de outubro de 2023. Altera a reda\u00e7\u00e3o e acrescenta dispositivos \u00e0 Lei Complementar n\u00ba 087, de 31 de janeiro de 2000.<\/a><\/p>\n\n\n\n<div class=\"wp-block-file\"><a id=\"wp-block-file--media-975d5e4e-0ff5-4bc1-8b56-d75c45f3c21b\" href=\"https:\/\/fetems.org.br\/fetems\/wp-content\/uploads\/2023\/10\/lei-6.113-de-28-de-setembro-de-2023.-altera-lei-5.466.pdf\" target=\"_blank\" rel=\"noreferrer noopener\">LEI N\u00ba 6.113, DE 28 DE SETEMBRO DE 2023. ALTERA A LEI 5.466 &#8211; GEST\u00c3O DEMOCR\u00c1TICA 2023<\/a><\/div>\n\n\n\n<div class=\"wp-block-file\"><a id=\"wp-block-file--media-7354122e-5f0b-4c2c-958b-cd4b2a3c854a\" href=\"https:\/\/fetems.org.br\/fetems\/wp-content\/uploads\/2023\/10\/lei-no-5.466-de-18_12_2019-atualizada.pdf\" target=\"_blank\" rel=\"noreferrer noopener\">LEI N\u00ba 5.466, DE 18 DE DEZEMBRO DE 2019 ATUALIZADA &#8211; GEST\u00c3O DEMOCR\u00c1TICA 2023<\/a><\/div>\n\n\n\n<div class=\"wp-block-file\"><a id=\"wp-block-file--media-8a1b15ec-319b-42bf-9f7e-4e2eb9da764d\" href=\"https:\/\/fetems.org.br\/fetems\/wp-content\/uploads\/2021\/12\/01-estatuto-da-educaa-a-o-087-1-.pdf\" target=\"_blank\" rel=\"noreferrer noopener\">Minuta com as propostas de altera\u00e7\u00e3o na Lei Complementar 087<\/a><\/div>\n\n\n\n<div class=\"wp-block-file\"><a id=\"wp-block-file--media-14640b32-bb4c-48fb-ae04-e1104de5bed0\" href=\"https:\/\/fetems.org.br\/fetems\/wp-content\/uploads\/2021\/12\/02-lei-277-16-de-outubro-de-2020.pdf\" target=\"_blank\" rel=\"noreferrer noopener\">Lei n. 277, de 16 de outubro de 2020, que disp\u00f5e sobre o Estatuto dos Profissionais da Educa\u00e7\u00e3o B\u00e1sica de MS e altera dispositivos na Lei Complementar n\u00ba 087<\/a><\/div>\n\n\n\n<div class=\"wp-block-file\"><a id=\"wp-block-file--media-4410e071-e705-422f-963f-2ab564026fa2\" href=\"https:\/\/fetems.org.br\/fetems\/wp-content\/uploads\/2021\/12\/03-27-01-2020.pdf\" target=\"_blank\" rel=\"noreferrer noopener\">LEI N\u00ba 5.466 &#8211; Gest\u00e3o Democr\u00e1tica &#8211; Elei\u00e7\u00e3o de Diretores(as)<\/a><\/div>\n\n\n\n<div class=\"wp-block-file\"><a id=\"wp-block-file--media-275e43fd-d333-4761-a429-d34f4e64052d\" href=\"https:\/\/fetems.org.br\/fetems\/wp-content\/uploads\/2021\/12\/04-lei-complementar-266-2019.pdf\" target=\"_blank\" rel=\"noreferrer noopener\">Lei Complementar 266\/2019<\/a><\/div>\n\n\n\n<div class=\"wp-block-file\"><a id=\"wp-block-file--media-a0176b2f-94c7-4634-a438-50e4b36ede76\" href=\"https:\/\/fetems.org.br\/fetems\/wp-content\/uploads\/2021\/12\/05-abono-salarial-prorrogaa-a-o-lei-n-5173-de-06-de-abril-de-2018-dia-rio-oficial-n-9-631.pdf\" target=\"_blank\" rel=\"noreferrer noopener\">Abono Salarial &#8211; Prorroga\u00e7\u00e3o &#8211; Lei n. 5173, de 06 de abril de 2018 &#8211; Di\u00e1rio Oficial n. 9.631<\/a><\/div>\n\n\n\n<div class=\"wp-block-file\"><a id=\"wp-block-file--media-9ee956a0-d66b-450c-a40e-6d04f13bd3db\" href=\"https:\/\/fetems.org.br\/fetems\/wp-content\/uploads\/2021\/12\/06-revisa-o-geral-anual-de-3-04-lei-n-5-168-de-05-de-abril-de-2018-dia-rio-oficial-n-9629-edia-a-o-extra.pdf\" target=\"_blank\" rel=\"noreferrer noopener\">Revis\u00e3o Geral Anual de 3,04% &#8211; Lei N. 5.168, de 05 de Abril de 2018 &#8211; Di\u00e1rio Oficial n. 9629 &#8211; Edi\u00e7\u00e3o extra<\/a><\/div>\n\n\n\n<div class=\"wp-block-file\"><a id=\"wp-block-file--media-aa59ea54-2061-4f6c-bb99-33eee63e5a09\" href=\"https:\/\/fetems.org.br\/fetems\/wp-content\/uploads\/2021\/12\/07-pl-gestao-democratica.pdf\" target=\"_blank\" rel=\"noreferrer noopener\">Projeto de Lei N. 107, de 20 de Dezembro de 2017<\/a><\/div>\n\n\n\n<div class=\"wp-block-file\"><a id=\"wp-block-file--media-b08f2cf1-44aa-48f3-bc51-f4dc893409db\" href=\"https:\/\/fetems.org.br\/fetems\/wp-content\/uploads\/2021\/12\/08-piso-salarial-lei-complementar-n-239-29-9-17-piso-salarial-administrativo-lei-n5066-29-09-17-2-94.pdf\" target=\"_blank\" rel=\"noreferrer noopener\">Piso Salarial<\/a><\/div>\n\n\n\n<div class=\"wp-block-file\"><a id=\"wp-block-file--media-6f424393-7d68-4434-8ccc-0928f73245c9\" href=\"https:\/\/fetems.org.br\/fetems\/wp-content\/uploads\/2021\/12\/09-liminar-bernal-negada.pdf\" target=\"_blank\" rel=\"noreferrer noopener\">Liminar &#8211; Alcides Bernal<\/a><\/div>\n\n\n\n<div class=\"wp-block-file\"><a id=\"wp-block-file--media-fdae656c-6edb-4cf4-ad97-4bd44c28c1e4\" href=\"https:\/\/fetems.org.br\/fetems\/wp-content\/uploads\/2021\/12\/10-lei-4-696-diretores.pdf\" target=\"_blank\" rel=\"noreferrer noopener\">LEI N\u00ba 4.696 -Elei\u00e7\u00f5es diretores<\/a><\/div>\n\n\n\n<div class=\"wp-block-file\"><a id=\"wp-block-file--media-7b4a0b6c-7a77-48ca-8036-1435bdd5baa7\" href=\"https:\/\/fetems.org.br\/fetems\/wp-content\/uploads\/2021\/12\/11-LEI_3.479.pdf\" target=\"_blank\" rel=\"noreferrer noopener\">LEI N\u00ba 3.479<\/a><\/div>\n\n\n\n<div class=\"wp-block-file\"><a id=\"wp-block-file--media-e92e2581-6fe6-46c2-b19b-0071fb70982e\" href=\"https:\/\/fetems.org.br\/fetems\/wp-content\/uploads\/2021\/12\/12-LEI_3.244.pdf\" target=\"_blank\" rel=\"noreferrer noopener\">LEI N\u00ba 3.244<\/a><\/div>\n\n\n\n<div class=\"wp-block-file\"><a id=\"wp-block-file--media-ca83f65b-e1f5-42bf-8e2e-cec4fd8a899f\" href=\"https:\/\/fetems.org.br\/fetems\/wp-content\/uploads\/2021\/12\/13-lei_200.pdf\" target=\"_blank\" rel=\"noreferrer noopener\">LEI COMP. N\u00ba 200 &#8211; Piso 20H<\/a><\/div>\n\n\n\n<div class=\"wp-block-file\"><a id=\"wp-block-file--media-eaf72352-4a6d-4262-9dc0-2be7354b8bc2\" href=\"https:\/\/fetems.org.br\/fetems\/wp-content\/uploads\/2021\/12\/14-LEI_087_.pdf\" target=\"_blank\" rel=\"noreferrer noopener\">LEI 087<\/a><\/div>\n\n\n\n<div class=\"wp-block-file\"><a id=\"wp-block-file--media-42ada7d4-9fd4-47a6-a0ca-4fc5add87839\" href=\"https:\/\/fetems.org.br\/fetems\/wp-content\/uploads\/2021\/12\/15-LEI_COMPLEMENTAR_183_pdf.pdf\" target=\"_blank\" rel=\"noreferrer noopener\">Lei Complementar 183<\/a><\/div>\n\n\n\n<div class=\"wp-block-file\"><a id=\"wp-block-file--media-9a317fac-4a17-48c8-9bc1-82a1e731f733\" href=\"https:\/\/fetems.org.br\/fetems\/wp-content\/uploads\/2021\/12\/16-Lei_complementar_109.pdf\" target=\"_blank\" rel=\"noreferrer noopener\">Lei Complementar 109<\/a><\/div>\n\n\n\n<div class=\"wp-block-file\"><a id=\"wp-block-file--media-189dbd93-3c28-4322-a55b-1fabd0431de3\" href=\"https:\/\/fetems.org.br\/fetems\/wp-content\/uploads\/2021\/12\/17-Lei_3.519.pdf\" target=\"_blank\" rel=\"noreferrer noopener\">Lei 3.519<\/a><\/div>\n\n\n\n<div class=\"wp-block-file\"><a id=\"wp-block-file--media-7ee99d05-4781-4766-91b6-17277ed87f8d\" href=\"https:\/\/fetems.org.br\/fetems\/wp-content\/uploads\/2021\/12\/18-LEI_11.738_Piso__Nacional.pdf\" target=\"_blank\" rel=\"noreferrer noopener\">Lei 11.738 Piso Nacional<\/a><\/div>\n\n\n\n<div class=\"wp-block-file\"><a id=\"wp-block-file--media-179c541d-eae4-4b5b-9320-8463284e7547\" href=\"https:\/\/fetems.org.br\/fetems\/wp-content\/uploads\/2021\/12\/19-Lei_Complementar_97.pdf\" target=\"_blank\" rel=\"noreferrer noopener\">Lei Complementar n\u00b097<\/a><\/div>\n\n\n\n<div class=\"wp-block-file\"><a id=\"wp-block-file--media-3aeedaf7-788e-4fa5-b715-b85fec7c44da\" href=\"https:\/\/fetems.org.br\/fetems\/wp-content\/uploads\/2021\/12\/20-Lei_complementar_165.pdf\" target=\"_blank\" rel=\"noreferrer noopener\">Lei Compl. 165 &#8211; 1\/3 de H. Ativ.<\/a><\/div>\n\n\n\n<div class=\"wp-block-file\"><a id=\"wp-block-file--media-3b642188-a102-4cca-8bfb-87883803f3f0\" href=\"https:\/\/fetems.org.br\/fetems\/wp-content\/uploads\/2021\/12\/21-Lei_4.464_piso_20h.pdf\" target=\"_blank\" rel=\"noreferrer noopener\">LEI 4.464 Piso 20h<\/a><\/div>\n\n\n\n<div class=\"wp-block-file\"><a id=\"wp-block-file--media-de5a6628-cccd-4424-950a-3bcd85ee1ab1\" href=\"https:\/\/fetems.org.br\/fetems\/wp-content\/uploads\/2021\/12\/22-Lei_Estadual_1.102.pdf\" target=\"_blank\" rel=\"noreferrer noopener\">Lei 1.102<\/a><\/div>\n\n\n\n<div class=\"wp-block-file\"><a id=\"wp-block-file--media-ee9bc418-c35f-4875-a637-6c5a1523f0ba\" href=\"https:\/\/fetems.org.br\/fetems\/wp-content\/uploads\/2021\/12\/23-INTEGRA_DO_ACORDAO.pdf\" target=\"_blank\" rel=\"noreferrer noopener\">Ac\u00f3rd\u00e3o Lei do Piso<\/a><\/div>\n\n\n\n<div class=\"wp-block-file\"><a id=\"wp-block-file--media-5da57d01-5bea-47d3-ba11-442e15c5ca4c\" href=\"https:\/\/fetems.org.br\/fetems\/wp-content\/uploads\/2021\/12\/24-lei_11494_FUNDEB.pdf\" target=\"_blank\" rel=\"noreferrer noopener\">Lei 11.494 -Fundeb<\/a><\/div>\n\n\n\n<div class=\"wp-block-file\"><a id=\"wp-block-file--media-2c59a4fe-c93a-4e61-9152-19fec554a6c1\" href=\"https:\/\/fetems.org.br\/fetems\/wp-content\/uploads\/2021\/12\/25-Lei_2.599.pdf\" target=\"_blank\" rel=\"noreferrer noopener\">Lei 2.599<\/a><\/div>\n\n\n\n<div class=\"wp-block-file\"><a id=\"wp-block-file--media-8a67b013-a091-46a1-bc6e-d5675b8ef5f0\" href=\"https:\/\/fetems.org.br\/fetems\/wp-content\/uploads\/2021\/12\/26-Lei_2065_pcc.pdf\" target=\"_blank\" rel=\"noreferrer noopener\">Lei 2.065 &#8211; PCC<\/a><\/div>\n\n\n\n<div class=\"wp-block-file\"><a id=\"wp-block-file--media-247a4cc1-e69c-442d-a15e-57a638aef922\" href=\"https:\/\/fetems.org.br\/fetems\/wp-content\/uploads\/2021\/12\/27-LEI_3.603_2008.pdf\" target=\"_blank\" rel=\"noreferrer noopener\">Lei 3.603\/2008<\/a><\/div>\n\n\n\n<div class=\"wp-block-file\"><a id=\"wp-block-file--media-d2ce22b3-812e-43fe-bed4-4e80b94271a1\" href=\"https:\/\/fetems.org.br\/fetems\/wp-content\/uploads\/2021\/12\/28-LEI.12.014.pdf\" target=\"_blank\" rel=\"noreferrer noopener\">Lei 12.014 &#8211; Administrativos<\/a><\/div>\n\n\n\n<div class=\"wp-block-file\"><a id=\"wp-block-file--media-c83ba03e-8d11-47f3-9d61-dacf0eed6971\" href=\"https:\/\/fetems.org.br\/fetems\/wp-content\/uploads\/2021\/12\/29-LEI_3669.pdf\" target=\"_blank\" rel=\"noreferrer noopener\">Lei Estadual 3.669<\/a><\/div>\n\n\n\n<div class=\"wp-block-file\"><a id=\"wp-block-file--media-d66c5128-06c8-412b-af3a-eae4212982cc\" href=\"https:\/\/fetems.org.br\/fetems\/wp-content\/uploads\/2021\/12\/30-Anexos_da_lei_3.699.pdf\" target=\"_blank\" rel=\"noreferrer noopener\">Anexo I da Lei n\u00b0 3.669<\/a><\/div>\n\n\n\n<div class=\"wp-block-file\"><a id=\"wp-block-file--media-0c83a3c8-01f1-452f-8db5-5224d2b2ff27\" href=\"https:\/\/fetems.org.br\/fetems\/wp-content\/uploads\/2021\/12\/31-lei-3-829-vacinaa-a-o-hn1-servidores-da-educaa-a-o-1-.pdf\" target=\"_blank\" rel=\"noreferrer noopener\">Lei n\u00b0 3.829\/2009 &#8211; Vacina\u00e7\u00e3o H1N1<\/a><\/div>\n\n\n\n<div class=\"wp-block-file\"><a id=\"wp-block-file--media-fda62877-57a3-441d-b105-4c56ff1c74a3\" href=\"https:\/\/fetems.org.br\/fetems\/wp-content\/uploads\/2021\/12\/32-Lei_Previdencia.pdf\" target=\"_blank\" rel=\"noreferrer noopener\">Lei Previdenciaria MS 3.150\/05<\/a><\/div>\n<\/div>\n\n\n\n<div class=\"wp-block-column is-layout-flow wp-block-column-is-layout-flow\">\n<p class=\"has-medium-font-size\"><strong>DECRETOS<\/strong><\/p>\n\n\n\n<div class=\"wp-block-file\"><a id=\"wp-block-file--media-63ff76c3-949c-46bb-ac28-f0f8dc072e9b\" href=\"https:\/\/fetems.org.br\/fetems\/wp-content\/uploads\/2021\/12\/01-mandato-classista-decreto-n14847-29-09-2017.pdf\" target=\"_blank\" rel=\"noreferrer noopener\">Mandato Classista<\/a><\/div>\n\n\n\n<div class=\"wp-block-file\"><a id=\"wp-block-file--media-0dd07397-101a-4f06-a992-7d6e0296a9ea\" href=\"https:\/\/fetems.org.br\/fetems\/wp-content\/uploads\/2021\/12\/02-lei-da-mordaa-a-decreto-n14827-30-08-2017.pdf\" target=\"_blank\" rel=\"noreferrer noopener\">Lei da Morda\u00e7a<\/a><\/div>\n\n\n\n<div class=\"wp-block-file\"><a id=\"wp-block-file--media-3eac04aa-1ac9-4f8d-b056-b86bc522f704\" href=\"https:\/\/fetems.org.br\/fetems\/wp-content\/uploads\/2021\/12\/03-Decreto_lei_14.231.pdf\" target=\"_blank\" rel=\"noreferrer noopener\">DECRETO N\u00ba 14.231<\/a><\/div>\n\n\n\n<div class=\"wp-block-file\"><a id=\"wp-block-file--media-c4ed3257-be56-4f03-88c3-5ea4abc36534\" href=\"https:\/\/fetems.org.br\/fetems\/wp-content\/uploads\/2021\/12\/04-Decreto_11.627.pdf\" target=\"_blank\" rel=\"noreferrer noopener\">Decreto 11.627<\/a><\/div>\n\n\n\n<div class=\"wp-block-file\"><a id=\"wp-block-file--media-553dbf8b-9414-4106-92e3-8e32be46efe7\" href=\"https:\/\/fetems.org.br\/fetems\/wp-content\/uploads\/2021\/12\/05-Decreto_11.753.pdf\" target=\"_blank\" rel=\"noreferrer noopener\">Decreto 11.753<\/a><\/div>\n\n\n\n<div class=\"wp-block-file\"><a id=\"wp-block-file--media-362aaca8-b643-4f5f-9745-aaeb279d4a69\" href=\"https:\/\/fetems.org.br\/fetems\/wp-content\/uploads\/2021\/12\/06-Decreto_11.754.pdf\" target=\"_blank\" rel=\"noreferrer noopener\">Decreto 11.754<\/a><\/div>\n\n\n\n<div class=\"wp-block-file\"><a id=\"wp-block-file--media-99b28906-29aa-4378-a17e-7f9aa2732177\" href=\"https:\/\/fetems.org.br\/fetems\/wp-content\/uploads\/2021\/12\/07-Decreto_11.948.pdf\" target=\"_blank\" rel=\"noreferrer noopener\">Decreto 11.948<\/a><\/div>\n\n\n\n<div class=\"wp-block-file\"><a id=\"wp-block-file--media-5cb9829b-6ca2-4905-8f24-d5e8c48ac418\" href=\"https:\/\/fetems.org.br\/fetems\/wp-content\/uploads\/2021\/12\/08-Decreto_11.562.pdf\" target=\"_blank\" rel=\"noreferrer noopener\">Decreto 11.562<\/a><\/div>\n\n\n\n<div class=\"wp-block-file\"><a id=\"wp-block-file--media-b57c65ab-c4b7-4917-bcd3-2c6128b119ba\" href=\"https:\/\/fetems.org.br\/fetems\/wp-content\/uploads\/2021\/12\/09-Decreto_12.558.pdf\" target=\"_blank\" rel=\"noreferrer noopener\">Decreto 12.558<\/a><\/div>\n\n\n\n<div class=\"wp-block-file\"><a id=\"wp-block-file--media-c896bfcd-289d-4ba5-bffc-bff8da41dcc2\" href=\"https:\/\/fetems.org.br\/fetems\/wp-content\/uploads\/2021\/12\/10-Decreto_12.799.pdf\" target=\"_blank\" rel=\"noreferrer noopener\">Decreto 12.797<\/a><\/div>\n\n\n\n<div class=\"wp-block-file\"><a id=\"wp-block-file--media-b91e0273-7954-4b9f-b422-fa1b42f2bd33\" href=\"https:\/\/fetems.org.br\/fetems\/wp-content\/uploads\/2021\/12\/11-Decreto_12.799.pdf\" target=\"_blank\" rel=\"noreferrer noopener\">Dec.12.799 &#8211; Dif\u00edcil Acesso<\/a><\/div>\n\n\n\n<div class=\"wp-block-file\"><a id=\"wp-block-file--media-a2d4ed1c-f75d-4ccb-8fbc-a2004bdd5632\" href=\"https:\/\/fetems.org.br\/fetems\/wp-content\/uploads\/2021\/12\/12-DECRETO_12.800.pdf\" target=\"_blank\" rel=\"noreferrer noopener\">Dec. 12.800 &#8211; Dif\u00edcil Acesso<\/a><\/div>\n\n\n\n<div class=\"wp-block-file\"><a id=\"wp-block-file--media-4c8a0faf-b468-4c6e-9c54-20087e28590f\" href=\"https:\/\/fetems.org.br\/fetems\/wp-content\/uploads\/2021\/12\/13-Decreto_12.801.pdf\" target=\"_blank\" rel=\"noreferrer noopener\">Decreto 12.801<\/a><\/div>\n\n\n\n<div class=\"wp-block-file\"><a id=\"wp-block-file--media-b3bbff0b-281f-40d5-b0f3-7b922382cdf1\" href=\"https:\/\/fetems.org.br\/fetems\/wp-content\/uploads\/2021\/12\/14-decreto_12.343.pdf\" target=\"_blank\" rel=\"noreferrer noopener\">Decreto 12.343<\/a><\/div>\n\n\n\n<div class=\"wp-block-file\"><a id=\"wp-block-file--media-699369d4-72dc-44b5-9c12-af66f434e502\" href=\"https:\/\/fetems.org.br\/fetems\/wp-content\/uploads\/2021\/12\/15-decreto_7415.pdf\" target=\"_blank\" rel=\"noreferrer noopener\">Decreto 7.415<\/a><\/div>\n\n\n\n<div style=\"height:30px\" aria-hidden=\"true\" class=\"wp-block-spacer d-block\"><\/div>\n\n\n\n<p class=\"has-medium-font-size\"><strong>MINUTAS<\/strong><\/p>\n\n\n\n<div style=\"height:30px\" aria-hidden=\"true\" class=\"wp-block-spacer d-block\"><\/div>\n\n\n\n<p class=\"has-medium-font-size\"><strong>RESOLU\u00c7\u00c3O<\/strong><\/p>\n\n\n\n<div class=\"wp-block-file\"><a id=\"wp-block-file--media-9cb0883f-7776-4a67-80a4-44c4f3c4d5c6\" href=\"https:\/\/fetems.org.br\/fetems\/wp-content\/uploads\/2021\/12\/01-declaracao-posse-2018.pdf\" target=\"_blank\" rel=\"noreferrer noopener\">Declara\u00e7\u00e3o de Posse &#8211; 2018<\/a><\/div>\n\n\n\n<div class=\"wp-block-file\"><a id=\"wp-block-file--media-5700e486-7708-4135-b1b2-cba8875bfc42\" href=\"https:\/\/fetems.org.br\/fetems\/wp-content\/uploads\/2021\/12\/02-mudanca-de-letra-prof-e-especialistas-ed-n-80-2017.pdf\" target=\"_blank\" rel=\"noreferrer noopener\">Mudan\u00e7a de Letra de Professores e Especialistas<\/a><\/div>\n\n\n\n<div class=\"wp-block-file\"><a id=\"wp-block-file--media-4ae7f130-c865-4b20-8c97-e014ddc71b20\" href=\"https:\/\/fetems.org.br\/fetems\/wp-content\/uploads\/2021\/12\/03-terceirizacao-educacao-resolucao-n2999-15-9-17.pdf\" target=\"_blank\" rel=\"noreferrer noopener\">Terceiriza\u00e7\u00e3o da Educa\u00e7\u00e3o<\/a><\/div>\n\n\n\n<div class=\"wp-block-file\"><a id=\"wp-block-file--media-ef8895c4-8dce-483d-9edc-3a2f29ac298d\" href=\"https:\/\/fetems.org.br\/fetems\/wp-content\/uploads\/2021\/12\/04-modelo-pedido-afastamento.pdf\" target=\"_blank\" rel=\"noreferrer noopener\">Modelo de pedido de afastamento &#8211; Elei\u00e7\u00f5es 2016<\/a><\/div>\n\n\n\n<div class=\"wp-block-file\"><a id=\"wp-block-file--media-f011a1df-4ac0-4509-84fd-1dcd76f711da\" href=\"https:\/\/fetems.org.br\/fetems\/wp-content\/uploads\/2021\/12\/05-resolucao-sed-2975.pdf\" target=\"_blank\" rel=\"noreferrer noopener\">RESOLU\u00c7\u00c3O SED &#8211; N\u00ba 2.975<\/a><\/div>\n\n\n\n<div class=\"wp-block-file\"><a id=\"wp-block-file--media-437f5d59-3595-4f33-bfe2-018e704d9805\" href=\"https:\/\/fetems.org.br\/fetems\/wp-content\/uploads\/2021\/12\/06-resolucao-sed-2973.pdf\" target=\"_blank\" rel=\"noreferrer noopener\">RESOLU\u00c7\u00c3O SED N\u00ba 2.973<\/a><\/div>\n\n\n\n<div class=\"wp-block-file\"><a id=\"wp-block-file--media-f02539f4-47ea-46d5-a4a5-8fdbcdc54cac\" href=\"https:\/\/fetems.org.br\/fetems\/wp-content\/uploads\/2021\/12\/07-instr-norm-sed-n.-01-REGRAS_ELEICOES.pdf\" target=\"_blank\" rel=\"noreferrer noopener\">INSTR. NORM. N\u00ba1 &#8211; DIRETORES<\/a><\/div>\n\n\n\n<div class=\"wp-block-file\"><a id=\"wp-block-file--media-9cf9b1b1-ba1d-4553-8dba-716881274f44\" href=\"https:\/\/fetems.org.br\/fetems\/wp-content\/uploads\/2021\/12\/08-resolucao_2426.pdf\" target=\"_blank\" rel=\"noreferrer noopener\">Resolu\u00e7\u00e3o n\u00b0 2.426<\/a><\/div>\n<\/div>\n<\/div>\n\n\n\n<p><\/p>\n","protected":false},"excerpt":{"rendered":"<p>LEIS Lei Complementar N\u00ba 318, de 20 de outubro de 2023. Altera a reda\u00e7\u00e3o e acrescenta dispositivos \u00e0 Lei Complementar n\u00ba 087, de 31 de&#8230;<\/p>\n","protected":false},"author":1,"featured_media":0,"parent":0,"menu_order":0,"comment_status":"closed","ping_status":"closed","template":"","meta":{"footnotes":""},"_links":{"self":[{"href":"https:\/\/fetems.org.br\/fetems\/wp-json\/wp\/v2\/pages\/866"}],"collection":[{"href":"https:\/\/fetems.org.br\/fetems\/wp-json\/wp\/v2\/pages"}],"about":[{"href":"https:\/\/fetems.org.br\/fetems\/wp-json\/wp\/v2\/types\/page"}],"author":[{"embeddable":true,"href":"https:\/\/fetems.org.br\/fetems\/wp-json\/wp\/v2\/users\/1"}],"replies":[{"embeddable":true,"href":"https:\/\/fetems.org.br\/fetems\/wp-json\/wp\/v2\/comments?post=866"}],"version-history":[{"count":14,"href":"https:\/\/fetems.org.br\/fetems\/wp-json\/wp\/v2\/pages\/866\/revisions"}],"predecessor-version":[{"id":21160,"href":"https:\/\/fetems.org.br\/fetems\/wp-json\/wp\/v2\/pages\/866\/revisions\/21160"}],"wp:attachment":[{"href":"https:\/\/fetems.org.br\/fetems\/wp-json\/wp\/v2\/media?parent=866"}],"curies":[{"name":"wp","href":"https:\/\/api.w.org\/{rel}","templated":true}]}}